{"id":1784,"date":"2018-09-03T09:19:07","date_gmt":"2018-09-03T07:19:07","guid":{"rendered":"https:\/\/www.adelaneumannova.cz\/?page_id=1784"},"modified":"2018-09-03T10:05:05","modified_gmt":"2018-09-03T08:05:05","slug":"ndp-cjf-martinice-2-9-2018","status":"publish","type":"page","link":"https:\/\/www.adelaneumannova.cz\/index.php\/ndp-cjf-martinice-2-9-2018\/","title":{"rendered":"NDP-\u010cJF Martinice 2.9.2018"},"content":{"rendered":"<p>[et_pb_section bb_built=&#8220;1&#8243;][et_pb_row][et_pb_column type=&#8220;4_4&#8243;][et_pb_text _builder_version=&#8220;3.13.1&#8243;]<\/p>\n<h2 style=\"text-align: center;\">NDP\u00a0 \u010cJF\u00a0 Martinice 2.9.2018<\/h2>\n<p>[\/et_pb_text][et_pb_image _builder_version=&#8220;3.13.1&#8243; src=&#8220;https:\/\/www.adelaneumannova.cz\/wp-content\/uploads\/2018\/09\/9.jpg&#8220; align=&#8220;center&#8220; max_width=&#8220;44%&#8220; max_width_last_edited=&#8220;on|desktop&#8220; max_width_phone=&#8220;46%&#8220; \/][et_pb_gallery gallery_ids=&#8220;1795,1806,1800,1793,1797,1790,1801,1787,1788,1789,1792,1794,1796,1798,1791,1802&#8243; gallery_captions=&#8220;dav,dav,mde,dav,dav,dav,dav,dav,dav,dav,dav,dav,dav,,dav,dav,,,,,,,,,,dav,dav,dav&#8220; posts_number=&#8220;20&#8243; show_title_and_caption=&#8220;off&#8220; box_shadow_style_image=&#8220;preset1&#8243; box_shadow_horizontal_image=&#8220;10px&#8220; box_shadow_vertical_image=&#8220;12px&#8220; _builder_version=&#8220;3.13.1&#8243; animation_style=&#8220;fold&#8220; saved_tabs=&#8220;all&#8220; zoom_icon_color=&#8220;#ededed&#8220; hover_overlay_color=&#8220;rgba(255,255,255,0.9)&#8220; pagination_font_size_tablet=&#8220;51&#8243; pagination_line_height_tablet=&#8220;2&#8243; orientation=&#8220;portrait&#8220;]<\/p>\n<p>&nbsp;<\/p>\n<p>[\/et_pb_gallery][\/et_pb_column][\/et_pb_row][\/et_pb_section]<\/p>\n","protected":false},"excerpt":{"rendered":"<p><div class=\"et_pb_row et_pb_row_0 et_pb_row_empty\">\n\t\t\t\t\n\t\t\t\t\n\t\t\t\t\n\t\t\t\t\n\t\t\t\t\n\t\t\t<\/div> NDP\u00a0 \u010cJF\u00a0 Martinice 2.9.2018 &nbsp;<\/p>\n","protected":false},"author":1,"featured_media":0,"parent":0,"menu_order":0,"comment_status":"closed","ping_status":"closed","template":"","meta":{"_et_pb_use_builder":"on","_et_pb_old_content":"","_et_gb_content_width":"","footnotes":""},"class_list":["post-1784","page","type-page","status-publish","hentry"],"yoast_head":"<!-- This site is optimized with the Yoast SEO plugin v27.4 - https:\/\/yoast.com\/product\/yoast-seo-wordpress\/ -->\n<title>NDP-\u010cJF Martinice 2.9.2018 - Ad\u00e9la Neumannov\u00e1<\/title>\n<meta name=\"robots\" content=\"index, follow, max-snippet:-1, max-image-preview:large, max-video-preview:-1\" \/>\n<link rel=\"canonical\" href=\"https:\/\/www.adelaneumannova.cz\/index.php\/ndp-cjf-martinice-2-9-2018\/\" \/>\n<meta property=\"og:locale\" content=\"cs_CZ\" \/>\n<meta property=\"og:type\" content=\"article\" \/>\n<meta property=\"og:title\" content=\"NDP-\u010cJF Martinice 2.9.2018 - Ad\u00e9la Neumannov\u00e1\" \/>\n<meta property=\"og:description\" content=\"NDP\u00a0 \u010cJF\u00a0 Martinice 2.9.2018 &nbsp;\" \/>\n<meta property=\"og:url\" content=\"https:\/\/www.adelaneumannova.cz\/index.php\/ndp-cjf-martinice-2-9-2018\/\" \/>\n<meta property=\"og:site_name\" content=\"Ad\u00e9la Neumannov\u00e1\" \/>\n<meta property=\"article:modified_time\" content=\"2018-09-03T08:05:05+00:00\" \/>\n<meta name=\"twitter:card\" content=\"summary_large_image\" \/>\n<meta name=\"twitter:label1\" content=\"Odhadovan\u00e1 doba \u010dten\u00ed\" \/>\n\t<meta name=\"twitter:data1\" content=\"1 minuta\" \/>\n<script type=\"application\/ld+json\" class=\"yoast-schema-graph\">{\"@context\":\"https:\\\/\\\/schema.org\",\"@graph\":[{\"@type\":\"WebPage\",\"@id\":\"https:\\\/\\\/www.adelaneumannova.cz\\\/index.php\\\/ndp-cjf-martinice-2-9-2018\\\/\",\"url\":\"https:\\\/\\\/www.adelaneumannova.cz\\\/index.php\\\/ndp-cjf-martinice-2-9-2018\\\/\",\"name\":\"NDP-\u010cJF Martinice 2.9.2018 - Ad\u00e9la Neumannov\u00e1\",\"isPartOf\":{\"@id\":\"https:\\\/\\\/www.adelaneumannova.cz\\\/#website\"},\"datePublished\":\"2018-09-03T07:19:07+00:00\",\"dateModified\":\"2018-09-03T08:05:05+00:00\",\"breadcrumb\":{\"@id\":\"https:\\\/\\\/www.adelaneumannova.cz\\\/index.php\\\/ndp-cjf-martinice-2-9-2018\\\/#breadcrumb\"},\"inLanguage\":\"cs\",\"potentialAction\":[{\"@type\":\"ReadAction\",\"target\":[\"https:\\\/\\\/www.adelaneumannova.cz\\\/index.php\\\/ndp-cjf-martinice-2-9-2018\\\/\"]}]},{\"@type\":\"BreadcrumbList\",\"@id\":\"https:\\\/\\\/www.adelaneumannova.cz\\\/index.php\\\/ndp-cjf-martinice-2-9-2018\\\/#breadcrumb\",\"itemListElement\":[{\"@type\":\"ListItem\",\"position\":1,\"name\":\"Dom\u016f\",\"item\":\"https:\\\/\\\/www.adelaneumannova.cz\\\/\"},{\"@type\":\"ListItem\",\"position\":2,\"name\":\"NDP-\u010cJF Martinice 2.9.2018\"}]},{\"@type\":\"WebSite\",\"@id\":\"https:\\\/\\\/www.adelaneumannova.cz\\\/#website\",\"url\":\"https:\\\/\\\/www.adelaneumannova.cz\\\/\",\"name\":\"Ad\u00e9la Neumannov\u00e1\",\"description\":\"Drez\u00fara\",\"potentialAction\":[{\"@type\":\"SearchAction\",\"target\":{\"@type\":\"EntryPoint\",\"urlTemplate\":\"https:\\\/\\\/www.adelaneumannova.cz\\\/?s={search_term_string}\"},\"query-input\":{\"@type\":\"PropertyValueSpecification\",\"valueRequired\":true,\"valueName\":\"search_term_string\"}}],\"inLanguage\":\"cs\"}]}<\/script>\n<!-- \/ Yoast SEO plugin. -->","yoast_head_json":{"title":"NDP-\u010cJF Martinice 2.9.2018 - Ad\u00e9la Neumannov\u00e1","robots":{"index":"index","follow":"follow","max-snippet":"max-snippet:-1","max-image-preview":"max-image-preview:large","max-video-preview":"max-video-preview:-1"},"canonical":"https:\/\/www.adelaneumannova.cz\/index.php\/ndp-cjf-martinice-2-9-2018\/","og_locale":"cs_CZ","og_type":"article","og_title":"NDP-\u010cJF Martinice 2.9.2018 - Ad\u00e9la Neumannov\u00e1","og_description":"NDP\u00a0 \u010cJF\u00a0 Martinice 2.9.2018 &nbsp;","og_url":"https:\/\/www.adelaneumannova.cz\/index.php\/ndp-cjf-martinice-2-9-2018\/","og_site_name":"Ad\u00e9la Neumannov\u00e1","article_modified_time":"2018-09-03T08:05:05+00:00","twitter_card":"summary_large_image","twitter_misc":{"Odhadovan\u00e1 doba \u010dten\u00ed":"1 minuta"},"schema":{"@context":"https:\/\/schema.org","@graph":[{"@type":"WebPage","@id":"https:\/\/www.adelaneumannova.cz\/index.php\/ndp-cjf-martinice-2-9-2018\/","url":"https:\/\/www.adelaneumannova.cz\/index.php\/ndp-cjf-martinice-2-9-2018\/","name":"NDP-\u010cJF Martinice 2.9.2018 - Ad\u00e9la Neumannov\u00e1","isPartOf":{"@id":"https:\/\/www.adelaneumannova.cz\/#website"},"datePublished":"2018-09-03T07:19:07+00:00","dateModified":"2018-09-03T08:05:05+00:00","breadcrumb":{"@id":"https:\/\/www.adelaneumannova.cz\/index.php\/ndp-cjf-martinice-2-9-2018\/#breadcrumb"},"inLanguage":"cs","potentialAction":[{"@type":"ReadAction","target":["https:\/\/www.adelaneumannova.cz\/index.php\/ndp-cjf-martinice-2-9-2018\/"]}]},{"@type":"BreadcrumbList","@id":"https:\/\/www.adelaneumannova.cz\/index.php\/ndp-cjf-martinice-2-9-2018\/#breadcrumb","itemListElement":[{"@type":"ListItem","position":1,"name":"Dom\u016f","item":"https:\/\/www.adelaneumannova.cz\/"},{"@type":"ListItem","position":2,"name":"NDP-\u010cJF Martinice 2.9.2018"}]},{"@type":"WebSite","@id":"https:\/\/www.adelaneumannova.cz\/#website","url":"https:\/\/www.adelaneumannova.cz\/","name":"Ad\u00e9la Neumannov\u00e1","description":"Drez\u00fara","potentialAction":[{"@type":"SearchAction","target":{"@type":"EntryPoint","urlTemplate":"https:\/\/www.adelaneumannova.cz\/?s={search_term_string}"},"query-input":{"@type":"PropertyValueSpecification","valueRequired":true,"valueName":"search_term_string"}}],"inLanguage":"cs"}]}},"_links":{"self":[{"href":"https:\/\/www.adelaneumannova.cz\/index.php\/wp-json\/wp\/v2\/pages\/1784","targetHints":{"allow":["GET"]}}],"collection":[{"href":"https:\/\/www.adelaneumannova.cz\/index.php\/wp-json\/wp\/v2\/pages"}],"about":[{"href":"https:\/\/www.adelaneumannova.cz\/index.php\/wp-json\/wp\/v2\/types\/page"}],"author":[{"embeddable":true,"href":"https:\/\/www.adelaneumannova.cz\/index.php\/wp-json\/wp\/v2\/users\/1"}],"replies":[{"embeddable":true,"href":"https:\/\/www.adelaneumannova.cz\/index.php\/wp-json\/wp\/v2\/comments?post=1784"}],"version-history":[{"count":4,"href":"https:\/\/www.adelaneumannova.cz\/index.php\/wp-json\/wp\/v2\/pages\/1784\/revisions"}],"predecessor-version":[{"id":1808,"href":"https:\/\/www.adelaneumannova.cz\/index.php\/wp-json\/wp\/v2\/pages\/1784\/revisions\/1808"}],"wp:attachment":[{"href":"https:\/\/www.adelaneumannova.cz\/index.php\/wp-json\/wp\/v2\/media?parent=1784"}],"curies":[{"name":"wp","href":"https:\/\/api.w.org\/{rel}","templated":true}]}}