{"id":213,"date":"2017-11-18T18:32:49","date_gmt":"2017-11-18T17:32:49","guid":{"rendered":"http:\/\/www.adelaneumannova.cz\/?page_id=213"},"modified":"2018-05-01T15:28:48","modified_gmt":"2018-05-01T13:28:48","slug":"thalis-2","status":"publish","type":"page","link":"https:\/\/www.adelaneumannova.cz\/index.php\/fotogalerie\/thalis-2\/","title":{"rendered":"Thalis"},"content":{"rendered":"<p>[et_pb_section bb_built=&#8220;1&#8243; _builder_version=&#8220;3.0.47&#8243;][et_pb_row _builder_version=&#8220;3.0.47&#8243; background_size=&#8220;initial&#8220; background_position=&#8220;top_left&#8220; background_repeat=&#8220;repeat&#8220;][et_pb_column type=&#8220;4_4&#8243;][et_pb_text _builder_version=&#8220;3.2&#8243;]<\/p>\n<h3 style=\"text-align: center;\"><strong>Thalis<\/strong> narozen : 12.4. 1997<\/h3>\n<h3 style=\"text-align: center;\">Otec : 2660 &#8211; Sargoni \/ n\u011bm. traken \/<\/h3>\n<h3 style=\"text-align: center;\">Matka : 778 Thalie po Karneol\u00a0 \u00a0 \/ n\u011bm. traken \/<\/h3>\n<p style=\"text-align: center;\">_____________________________________________________________________________________________________________<\/p>\n<p>[\/et_pb_text][et_pb_text _builder_version=&#8220;3.2&#8243;]<\/p>\n<h3 style=\"text-align: center;\"><em>Thalis\u00a0 \u00a030.12. 2012<\/em><\/h3>\n<p>&nbsp;<\/p>\n<p>[\/et_pb_text][et_pb_gallery gallery_ids=&#8220;847,848,849,850,123,124,122&#8243; orientation=&#8220;portrait&#8220; _builder_version=&#8220;3.0.100&#8243; pagination_font_size_tablet=&#8220;51&#8243; pagination_line_height_tablet=&#8220;2&#8243; box_shadow_style_image=&#8220;preset2&#8243; \/][\/et_pb_column][\/et_pb_row][\/et_pb_section]<\/p>\n","protected":false},"excerpt":{"rendered":"<p>Thalis narozen : 12.4. 1997 Otec : 2660 &#8211; Sargoni \/ n\u011bm. traken \/ Matka : 778 Thalie po Karneol\u00a0 \u00a0 \/ n\u011bm. traken \/ _____________________________________________________________________________________________________________ Thalis\u00a0 \u00a030.12. 2012 &nbsp;<\/p>\n","protected":false},"author":1,"featured_media":0,"parent":34,"menu_order":0,"comment_status":"closed","ping_status":"closed","template":"","meta":{"_et_pb_use_builder":"on","_et_pb_old_content":"<p>30.12. 2012<\/p><p>\u00a0<\/p>","_et_gb_content_width":"","footnotes":""},"class_list":["post-213","page","type-page","status-publish","hentry"],"yoast_head":"<!-- This site is optimized with the Yoast SEO plugin v27.4 - https:\/\/yoast.com\/product\/yoast-seo-wordpress\/ -->\n<title>Thalis - Ad\u00e9la Neumannov\u00e1<\/title>\n<meta name=\"robots\" content=\"index, follow, max-snippet:-1, max-image-preview:large, max-video-preview:-1\" \/>\n<link rel=\"canonical\" href=\"https:\/\/www.adelaneumannova.cz\/index.php\/fotogalerie\/thalis-2\/\" \/>\n<meta property=\"og:locale\" content=\"cs_CZ\" \/>\n<meta property=\"og:type\" content=\"article\" \/>\n<meta property=\"og:title\" content=\"Thalis - Ad\u00e9la Neumannov\u00e1\" \/>\n<meta property=\"og:description\" content=\"Thalis narozen : 12.4. 1997 Otec : 2660 - Sargoni \/ n\u011bm. traken \/ Matka : 778 Thalie po Karneol\u00a0 \u00a0 \/ n\u011bm. traken \/ _____________________________________________________________________________________________________________ Thalis\u00a0 \u00a030.12. 2012 &nbsp;\" \/>\n<meta property=\"og:url\" content=\"https:\/\/www.adelaneumannova.cz\/index.php\/fotogalerie\/thalis-2\/\" \/>\n<meta property=\"og:site_name\" content=\"Ad\u00e9la Neumannov\u00e1\" \/>\n<meta property=\"article:modified_time\" content=\"2018-05-01T13:28:48+00:00\" \/>\n<meta name=\"twitter:card\" content=\"summary_large_image\" \/>\n<script type=\"application\/ld+json\" class=\"yoast-schema-graph\">{\"@context\":\"https:\\\/\\\/schema.org\",\"@graph\":[{\"@type\":\"WebPage\",\"@id\":\"https:\\\/\\\/www.adelaneumannova.cz\\\/index.php\\\/fotogalerie\\\/thalis-2\\\/\",\"url\":\"https:\\\/\\\/www.adelaneumannova.cz\\\/index.php\\\/fotogalerie\\\/thalis-2\\\/\",\"name\":\"Thalis - Ad\u00e9la Neumannov\u00e1\",\"isPartOf\":{\"@id\":\"https:\\\/\\\/www.adelaneumannova.cz\\\/#website\"},\"datePublished\":\"2017-11-18T17:32:49+00:00\",\"dateModified\":\"2018-05-01T13:28:48+00:00\",\"breadcrumb\":{\"@id\":\"https:\\\/\\\/www.adelaneumannova.cz\\\/index.php\\\/fotogalerie\\\/thalis-2\\\/#breadcrumb\"},\"inLanguage\":\"cs\",\"potentialAction\":[{\"@type\":\"ReadAction\",\"target\":[\"https:\\\/\\\/www.adelaneumannova.cz\\\/index.php\\\/fotogalerie\\\/thalis-2\\\/\"]}]},{\"@type\":\"BreadcrumbList\",\"@id\":\"https:\\\/\\\/www.adelaneumannova.cz\\\/index.php\\\/fotogalerie\\\/thalis-2\\\/#breadcrumb\",\"itemListElement\":[{\"@type\":\"ListItem\",\"position\":1,\"name\":\"Dom\u016f\",\"item\":\"https:\\\/\\\/www.adelaneumannova.cz\\\/\"},{\"@type\":\"ListItem\",\"position\":2,\"name\":\"Fotogalerie\",\"item\":\"https:\\\/\\\/www.adelaneumannova.cz\\\/index.php\\\/fotogalerie\\\/\"},{\"@type\":\"ListItem\",\"position\":3,\"name\":\"Thalis\"}]},{\"@type\":\"WebSite\",\"@id\":\"https:\\\/\\\/www.adelaneumannova.cz\\\/#website\",\"url\":\"https:\\\/\\\/www.adelaneumannova.cz\\\/\",\"name\":\"Ad\u00e9la Neumannov\u00e1\",\"description\":\"Drez\u00fara\",\"potentialAction\":[{\"@type\":\"SearchAction\",\"target\":{\"@type\":\"EntryPoint\",\"urlTemplate\":\"https:\\\/\\\/www.adelaneumannova.cz\\\/?s={search_term_string}\"},\"query-input\":{\"@type\":\"PropertyValueSpecification\",\"valueRequired\":true,\"valueName\":\"search_term_string\"}}],\"inLanguage\":\"cs\"}]}<\/script>\n<!-- \/ Yoast SEO plugin. -->","yoast_head_json":{"title":"Thalis - Ad\u00e9la Neumannov\u00e1","robots":{"index":"index","follow":"follow","max-snippet":"max-snippet:-1","max-image-preview":"max-image-preview:large","max-video-preview":"max-video-preview:-1"},"canonical":"https:\/\/www.adelaneumannova.cz\/index.php\/fotogalerie\/thalis-2\/","og_locale":"cs_CZ","og_type":"article","og_title":"Thalis - Ad\u00e9la Neumannov\u00e1","og_description":"Thalis narozen : 12.4. 1997 Otec : 2660 - Sargoni \/ n\u011bm. traken \/ Matka : 778 Thalie po Karneol\u00a0 \u00a0 \/ n\u011bm. traken \/ _____________________________________________________________________________________________________________ Thalis\u00a0 \u00a030.12. 2012 &nbsp;","og_url":"https:\/\/www.adelaneumannova.cz\/index.php\/fotogalerie\/thalis-2\/","og_site_name":"Ad\u00e9la Neumannov\u00e1","article_modified_time":"2018-05-01T13:28:48+00:00","twitter_card":"summary_large_image","schema":{"@context":"https:\/\/schema.org","@graph":[{"@type":"WebPage","@id":"https:\/\/www.adelaneumannova.cz\/index.php\/fotogalerie\/thalis-2\/","url":"https:\/\/www.adelaneumannova.cz\/index.php\/fotogalerie\/thalis-2\/","name":"Thalis - Ad\u00e9la Neumannov\u00e1","isPartOf":{"@id":"https:\/\/www.adelaneumannova.cz\/#website"},"datePublished":"2017-11-18T17:32:49+00:00","dateModified":"2018-05-01T13:28:48+00:00","breadcrumb":{"@id":"https:\/\/www.adelaneumannova.cz\/index.php\/fotogalerie\/thalis-2\/#breadcrumb"},"inLanguage":"cs","potentialAction":[{"@type":"ReadAction","target":["https:\/\/www.adelaneumannova.cz\/index.php\/fotogalerie\/thalis-2\/"]}]},{"@type":"BreadcrumbList","@id":"https:\/\/www.adelaneumannova.cz\/index.php\/fotogalerie\/thalis-2\/#breadcrumb","itemListElement":[{"@type":"ListItem","position":1,"name":"Dom\u016f","item":"https:\/\/www.adelaneumannova.cz\/"},{"@type":"ListItem","position":2,"name":"Fotogalerie","item":"https:\/\/www.adelaneumannova.cz\/index.php\/fotogalerie\/"},{"@type":"ListItem","position":3,"name":"Thalis"}]},{"@type":"WebSite","@id":"https:\/\/www.adelaneumannova.cz\/#website","url":"https:\/\/www.adelaneumannova.cz\/","name":"Ad\u00e9la Neumannov\u00e1","description":"Drez\u00fara","potentialAction":[{"@type":"SearchAction","target":{"@type":"EntryPoint","urlTemplate":"https:\/\/www.adelaneumannova.cz\/?s={search_term_string}"},"query-input":{"@type":"PropertyValueSpecification","valueRequired":true,"valueName":"search_term_string"}}],"inLanguage":"cs"}]}},"_links":{"self":[{"href":"https:\/\/www.adelaneumannova.cz\/index.php\/wp-json\/wp\/v2\/pages\/213","targetHints":{"allow":["GET"]}}],"collection":[{"href":"https:\/\/www.adelaneumannova.cz\/index.php\/wp-json\/wp\/v2\/pages"}],"about":[{"href":"https:\/\/www.adelaneumannova.cz\/index.php\/wp-json\/wp\/v2\/types\/page"}],"author":[{"embeddable":true,"href":"https:\/\/www.adelaneumannova.cz\/index.php\/wp-json\/wp\/v2\/users\/1"}],"replies":[{"embeddable":true,"href":"https:\/\/www.adelaneumannova.cz\/index.php\/wp-json\/wp\/v2\/comments?post=213"}],"version-history":[{"count":11,"href":"https:\/\/www.adelaneumannova.cz\/index.php\/wp-json\/wp\/v2\/pages\/213\/revisions"}],"predecessor-version":[{"id":1419,"href":"https:\/\/www.adelaneumannova.cz\/index.php\/wp-json\/wp\/v2\/pages\/213\/revisions\/1419"}],"up":[{"embeddable":true,"href":"https:\/\/www.adelaneumannova.cz\/index.php\/wp-json\/wp\/v2\/pages\/34"}],"wp:attachment":[{"href":"https:\/\/www.adelaneumannova.cz\/index.php\/wp-json\/wp\/v2\/media?parent=213"}],"curies":[{"name":"wp","href":"https:\/\/api.w.org\/{rel}","templated":true}]}}

<p>[et_pb_section bb_built=&#8220;1&#8243; _builder_version=&#8220;3.0.47&#8243;][et_pb_row _builder_version=&#8220;3.0.47&#8243; background_size=&#8220;initial&#8220; background_position=&#8220;top_left&#8220; background_repeat=&#8220;repeat&#8220;][et_pb_column type=&#8220;4_4&#8243;][et_pb_text _builder_version=&#8220;3.2&#8243;]</p>
<h3 style="text-align: center;"><strong>Thalis</strong> narozen : 12.4. 1997</h3>
<h3 style="text-align: center;">Otec : 2660 &#8211; Sargoni / něm. traken /</h3>
<h3 style="text-align: center;">Matka : 778 Thalie po Karneol    / něm. traken /</h3>
<p style="text-align: center;">_____________________________________________________________________________________________________________</p>
<p>[/et_pb_text][et_pb_text _builder_version=&#8220;3.2&#8243;]</p>
<h3 style="text-align: center;"><em>Thalis   30.12. 2012</em></h3>
<p>&nbsp;</p>
<p>[/et_pb_text][et_pb_gallery gallery_ids=&#8220;847,848,849,850,123,124,122&#8243; orientation=&#8220;portrait&#8220; _builder_version=&#8220;3.0.100&#8243; pagination_font_size_tablet=&#8220;51&#8243; pagination_line_height_tablet=&#8220;2&#8243; box_shadow_style_image=&#8220;preset2&#8243; /][/et_pb_column][/et_pb_row][/et_pb_section]</p>

<p>Thalis narozen : 12.4. 1997 Otec : 2660 &#8211; Sargoni / něm. traken / Matka : 778 Thalie po Karneol    / něm. traken / _____________________________________________________________________________________________________________ Thalis   30.12. 2012 &nbsp;</p>

<!-- This site is optimized with the Yoast SEO plugin v27.4 - https://yoast.com/product/yoast-seo-wordpress/ -->
<title>Thalis - Adéla Neumannová</title>
<meta name="robots" content="index, follow, max-snippet:-1, max-image-preview:large, max-video-preview:-1" />
<link rel="canonical" href="https://www.adelaneumannova.cz/index.php/fotogalerie/thalis-2/" />
<meta property="og:locale" content="cs_CZ" />
<meta property="og:type" content="article" />
<meta property="og:title" content="Thalis - Adéla Neumannová" />
<meta property="og:description" content="Thalis narozen : 12.4. 1997 Otec : 2660 - Sargoni / něm. traken / Matka : 778 Thalie po Karneol    / něm. traken / _____________________________________________________________________________________________________________ Thalis   30.12. 2012 &nbsp;" />
<meta property="og:url" content="https://www.adelaneumannova.cz/index.php/fotogalerie/thalis-2/" />
<meta property="og:site_name" content="Adéla Neumannová" />
<meta property="article:modified_time" content="2018-05-01T13:28:48+00:00" />
<meta name="twitter:card" content="summary_large_image" />
<script type="application/ld+json" class="yoast-schema-graph">{"@context":"https:\/\/schema.org","@graph":[{"@type":"WebPage","@id":"https:\/\/www.adelaneumannova.cz\/index.php\/fotogalerie\/thalis-2\/","url":"https:\/\/www.adelaneumannova.cz\/index.php\/fotogalerie\/thalis-2\/","name":"Thalis - Adéla Neumannová","isPartOf":{"@id":"https:\/\/www.adelaneumannova.cz\/#website"},"datePublished":"2017-11-18T17:32:49+00:00","dateModified":"2018-05-01T13:28:48+00:00","breadcrumb":{"@id":"https:\/\/www.adelaneumannova.cz\/index.php\/fotogalerie\/thalis-2\/#breadcrumb"},"inLanguage":"cs","potentialAction":[{"@type":"ReadAction","target":["https:\/\/www.adelaneumannova.cz\/index.php\/fotogalerie\/thalis-2\/"]}]},{"@type":"BreadcrumbList","@id":"https:\/\/www.adelaneumannova.cz\/index.php\/fotogalerie\/thalis-2\/#breadcrumb","itemListElement":[{"@type":"ListItem","position":1,"name":"Domů","item":"https:\/\/www.adelaneumannova.cz\/"},{"@type":"ListItem","position":2,"name":"Fotogalerie","item":"https:\/\/www.adelaneumannova.cz\/index.php\/fotogalerie\/"},{"@type":"ListItem","position":3,"name":"Thalis"}]},{"@type":"WebSite","@id":"https:\/\/www.adelaneumannova.cz\/#website","url":"https:\/\/www.adelaneumannova.cz\/","name":"Adéla Neumannová","description":"Drezúra","potentialAction":[{"@type":"SearchAction","target":{"@type":"EntryPoint","urlTemplate":"https:\/\/www.adelaneumannova.cz\/?s={search_term_string}"},"query-input":{"@type":"PropertyValueSpecification","valueRequired":true,"valueName":"search_term_string"}}],"inLanguage":"cs"}]}</script>
<!-- / Yoast SEO plugin. -->

Thalis - Adéla Neumannová

Thalis narozen : 12.4. 1997 Otec : 2660 - Sargoni / něm. traken / Matka : 778 Thalie po Karneol    / něm. traken / _____________________________________________________________________________________________________________ Thalis   30.12. 2012 &nbsp;

Adéla Neumannová

Domů

Drezúra
